ime factors of 42895348?
2, 41, 261557
What are the prime factors of 166165071?
3, 55388357
What are the prime factors of 14618360?
2, 5, 31, 11789
List the prime factors of 1440823224.
2, 3, 23, 113, 23099
What are the prime factors of 3003398482?
2, 7, 31, 6920273
What are the prime factors of 2235747918?
2, 3, 101, 131, 28163
List the prime factors of 1724686407.
3, 59, 193, 16829
What are the prime factors of 1628882913?
3, 7, 77565853
What are the prime factors of 869672181?
3, 7, 61, 678901
What are the prime factors of 4158114?
2, 3, 693019
What are the prime factors of 89982831?
3, 23, 877, 1487
List the prime factors of 802616766.
2, 3, 7, 59, 46271
List the prime factors of 30235559.
67, 451277
List the prime factors of 690180833.
19, 571, 63617
What are the prime factors of 38800700?
2, 5, 587, 661
What are the prime factors of 12291730?
2, 5, 11, 131, 853
What are the prime factors of 60393333?
3, 7, 11, 13, 17
List the prime factors of 5225227988.
2, 15923, 82039
What are the prime factors of 4029235925?
5, 11, 13, 101, 11159
What are the prime factors of 4820647880?
2, 5, 139, 867023
What are the prime factors of 105775728?
2, 3, 2203661
List the prime factors of 101164063.
7, 11, 13, 101063
What are the prime factors of 88400812?
2, 22100203
List the prime factors of 4296376379.
23, 12043, 15511
List the prime factors of 105595848.
2, 3, 617, 2377
What are the prime factors of 90622061?
1049, 86389
What are the prime factors of 64041425?
5, 7, 29, 12619
List the prime factors of 3348003091.
19, 43, 4097923
List the prime factors of 1169191788.
2, 3, 97432649
List the prime factors of 109322290.
2, 5, 7, 11, 12907
List the prime factors of 40052450.
2, 5, 337, 2377
What are the prime factors of 67579742?
2, 103, 251, 1307
List the prime factors of 432725911.
433, 911, 1097
List the prime factors of 380005490.
2, 5, 71, 535219
What are the prime factors of 236817869?
109, 2172641
List the prime factors of 1163248706.
2, 3613, 160981
What are the prime factors of 420120658?
2, 210060329
What are the prime factors of 27006741?
3, 41, 73189
List the prime factors of 61027927.
73, 199, 4201
List the prime factors of 72641989.
7, 37, 131, 2141
What are the prime factors of 3304064?
2, 83, 311
What are the prime factors of 132445986?
2, 3, 22074331
List the prime factors of 236942949.
3, 191, 257, 1609
What are the prime factors of 716256284?
2, 367, 397, 1229
List the prime factors of 463727751.
3, 17, 967, 9403
What are the prime factors of 96154394?
2, 7, 347, 19793
What are the prime factors of 280506007?
193, 1453399
What are the prime factors of 440775436?
2, 110193859
List the prime factors of 65761539.
3, 73, 467, 643
What are the prime factors of 298277642?
2, 13, 11472217
List the prime factors of 136588166.
2, 11, 13, 17, 2161
List the prime factors of 36973297.
19, 31, 62773
List the prime factors of 180351999.
3, 71, 282241
List the prime factors of 603674577.
3, 11, 157, 38839
What are the prime factors of 129442658?
2, 17, 41, 92857
What are the prime factors of 1494766831?
1494766831
List the prime factors of 45947053.
31, 1482163
What are the prime factors of 255661240?
2, 5, 41, 155891
What are the prime factors of 5433386194?
2, 227, 1123, 10657
What are the prime factors of 9694536?
2, 3, 149, 2711
What are the prime factors of 478643982?
2, 3, 313, 254869
What are the prime factors of 542520128?
2, 1489, 5693
What are the prime factors of 110410702?
2, 809, 68239
What are the prime factors of 283178669?
211, 1342079
List the prime factors of 947362761.
3, 105262529
What are the prime factors of 1933258265?
5, 19, 20350087
List the prime factors of 1025124094.
2, 991, 517217
List the prime factors of 381138587.
381138587
List the prime factors of 2211439909.
7, 457, 659, 1049
What are the prime factors of 130238199?
3, 7, 13, 17669
What are the prime factors of 217125148?
2, 47, 509, 2269
What are the prime factors of 8433094700?
2, 5, 84330947
What are the prime factors of 137289529?
13, 2969, 3557
What are the prime factors of 1682436389?
59, 28515871
What are the prime factors of 3682527367?
101, 36460667
List the prime factors of 419233363.
17789, 23567
List the prime factors of 391146586.
2, 195573293
What are the prime factors of 839404071?
3, 11, 8478829
What are the prime factors of 2054016131?
43, 1741, 27437
List the prime factors of 3755127121.
61, 211, 291751
List the prime factors of 1103599085.
5, 43, 2129, 2411
List the prime factors of 352902937.
17669, 19973
What are the prime factors of 991119742?
2, 3499, 141629
List the prime factors of 532319601.
3, 11, 16130897
What are the prime factors of 35304365?
5, 1213, 5821
List the prime factors of 437032553.
389, 1123477
List the prime factors of 4248225.
3, 5, 79, 239
What are the prime factors of 918879884?
2, 13, 17670767
What are the prime factors of 203624240?
2, 5, 1091, 2333
List the prime factors of 605523982.
2, 7, 5051, 8563
What are the prime factors of 7868384?
2, 131, 1877
List the prime factors of 2502120765.
3, 5, 43, 3879257
List the prime factors of 380901863.
29, 13134547
List the prime factors of 93847421.
93847421
What are the prime factors of 39806332?
2, 9951583
What are the prime factors of 529756563?
3, 7, 331, 76213
What are the prime factors of 989585333?
11, 2791, 32233
What are the prime factors of 14587555?
5, 2917511
What are the prime factors of 60315296?
2, 1884853
List the prime factors of 1805026.
2, 17, 53089
What are the prime factors of 5493244836?
2, 3, 23, 19903061
List the prime factors of 615708251.
29, 2969, 7151
What are the prime factors of 32477654?
2, 11, 193, 7649
What are the prime factors of 7576091?
7576091
What are the prime factors of 221732909?
89, 2491381
What are the prime factors of 803159265?
3, 5, 47, 24239
List the prime factors of 135388067.
31, 59, 79, 937
List the prime factors of 268868363.
31, 79, 101, 1087
What are the prime factors of 57373147?
13, 17, 15271
What are the prime factors of 10302339?
3, 181, 18973
What are the prime factors of 1644914726?
2, 7, 13, 701, 12893
List the prime factors of 2354691829.
7, 59, 5701433
List the prime factors of 4276970728.
2, 67, 7979423
What are the prime factors of 147909407?
127, 1164641
What are the prime factors of 8297330296?
2, 31, 33456977
List the prime factors of 4816318177.
11, 437847107
What are the prime factors of 183060240?
2, 3, 5, 11, 69341
List the prime factors of 1649795532.
2, 3, 7, 11, 17, 127, 827
What are the prime factors of 808363732?
2, 11, 271, 6163
What are the prime factors of 2036600718?
2, 3, 339433453
List the prime factors of 555201023.
13, 53, 805807
What are the prime factors of 763349612?
2, 73, 2614211
List the prime factors of 768763.
73, 10531
What are the prime factors of 71327043?
3, 7925227
What are the prime factors of 5871030518?
2, 79, 313, 118717
What are the prime factors of 46685352?
2, 3, 7, 277889
What are the prime factors of 1573911970?
2, 5, 3853, 40849
What are the prime factors of 3193405670?
2, 5, 7, 13, 239, 14683
What are the prime factors of 114515115?
3, 5, 11, 13, 197, 271
What are the prime factors of 131516021?
7, 13, 109, 13259
List the prime factors of 715381844.
2, 19, 59, 159541
List the prime factors of 149278087.
7, 21325441
List the prime factors of 1861950347.
17, 151, 725341
What are the prime factors of 7227213?
3, 7, 344153
List the prime factors of 54243034.
2, 487, 55691
What are the prime factors of 309903821?
309903821
What are the prime factors of 3954970320?
2, 3, 5, 7, 336307
What are the prime factors of 4218607515?
3, 5, 13697, 20533
List the prime factors of 42759684.
2, 3, 11, 35993
List the prime factors of 254816729.
191, 1334119
What are the prime factors of 672249061?
11, 3037, 20123
List the prime factors of 405678684.
2, 3, 17, 43, 103, 449
List the prime factors of 2576924788.
2, 67, 9615391
List the prime factors of 338536691.
17, 29, 686687
What are the prime factors of 7034920?
2, 5, 175873
List the prime factors of 773774775.
3, 5, 139, 2749
List the prime factors of 2546945186.
2, 1273472593
List the prime factors of 124546938.
2, 3, 19, 29, 101, 373
What are the prime factors of 532848758?
2, 13, 20494183
What are the prime factors of 147124962?
2